w be ((-190)/i)/(2/(-24)). Let a = w - 34. What are the prime factors of a?
2, 5
Suppose 29*d = 43*d - 126. Let n = -490 + 2470. Suppose -6*p + n = d*p. List the prime factors of p.
2, 3, 11
Let a be 6/(-57) + (-46984)/(-152). Let v = -176 + a. What are the prime factors of v?
7, 19
Suppose -12*m = -50*m - 39865 + 449125. What are the prime factors of m?
2, 3, 5, 359
Let a be 3 - ((-13087)/(-69))/((-1)/27). List the prime factors of a/18 + ((-6)/(-2))/9.
3, 5, 19
Suppose 36*y - 66910 = 16970. What are the prime factors of y?
2, 5, 233
Let c(o) = 128*o**3 - 21*o**2 + 93*o - 2. What are the prime factors of c(6)?
2, 47, 73
Suppose -3*d - 48*f + 53*f + 196759 = 0, 4*d + 4*f - 262260 = 0. What are the prime factors of d?
23, 2851
Suppose -3*d + 48 = 3*p, 4*d + 2*p - 5*p = 64. Let o(s) be the first derivative of 2*s**2 - 39*s - 54. List the prime factors of o(d).
5
List the prime factors of (14/175 - 2276/(-300))*639.
3, 23, 71
Let w be (-5)/((-50)/(-6))*(-5 + 0). Suppose 0 = -3*z + 4*l + 11, -2*l + 0*l = w*z + 1. What are the prime factors of z*((1 - 1) + 2 + 101)?
103
Let f = -119 + 122. Suppose 2*v + 3*z = 8*z + 71, 0 = -f*v + 4*z + 117. List the prime factors of v.
43
Let k(h) = 12*h + 6*h**2 - 4 - 14*h**2 + 7*h**2 + 48. Let m be k(14). Suppose m*b - 3*b = 1352. What are the prime factors of b?
2, 13
Let t(a) = -a**3 + 12*a**2 + 2*a + 1133. Let h be t(0). Let b = -109 + h. List the prime factors of b.
2
What are the prime factors of ((-11)/(-7) - 1) + (-460449)/(-693)?
5, 7, 19
Suppose -50*f = -43*f + 28. List the prime factors of f - (-581 - (3 - 8/2)).
2, 3
Suppose 0 = -14*s + 223401 - 34233. List the prime factors of s.
2, 3, 563
Suppose 6*t + 15 = t, 237 = 2*d + t. Suppose -3*b + 216 = -d. What are the prime factors of b?
2, 7
Let o = 242 - -536. Let x = o + -369. What are the prime factors of x?
409
Suppose -22 = -i + 4*h, 2*h + 18 + 0 = 4*i. Suppose -2*l - 178 = -2*r, -i*r = -l + 14 - 190. What are the prime factors of r/(-12)*(-3)/(9/12)?
29
Suppose -5*h = -16*h - 92070. Let l be (-2)/(-7) - h/105. Suppose 92 = -0*c + 3*c - 5*s, -2*s - l = -3*c. What are the prime factors of c?
2, 3
Let r = 103 + -84. Let y(h) = h - 8. List the prime factors of y(r).
11
Let j(d) = -d**2 + 8*d - 7. Let x be j(6). Let a be (52/10)/(-2 + 9/x). Let s = a + 43. List the prime factors of s.
17
Let t(v) = 11*v - 22*v + 8*v + 7*v**2 - 2 - 5. What are the prime factors of t(-6)?
263
Suppose 15*o - 91 = 10*o + v, o - 21 = 3*v. Suppose 3*s - o + 61 = p, -291 = -5*p - 4*s. What are the prime factors of p?
5, 11
Let o = 59 - 51. Suppose -312 = -2*t + k, -6*t + o*t = 5*k + 320. What are the prime factors of t?
5, 31
Let i = -43 - -47. Suppose -5*d + 0*l = -3*l - 320, -i*d + 224 = 4*l. Suppose -d*o + 65*o = 552. List the prime factors of o.
2, 3, 23
Suppose 0 = -81*f + 1477195 + 3051572 - 223779. List the prime factors of f.
2, 3, 43, 103
Let y be ((-11)/(-33))/((-1)/(-6)). Suppose -2*k + 20 = y*k. What are the prime factors of (-1094)/(-10) + -5 - 2/k?
2, 13
Let w = -6085 - -11096. List the prime factors of w.
5011
Suppose -141*z + 43*z + 990444 = -56*z. List the prime factors of z.
2, 13, 907
Suppose -2*h + 15324 = -2*m, -h + 7670 = -992*m + 993*m. What are the prime factors of h?
2, 3833
Let k = -366 - -681. Suppose -r = -2*o - k, -8 = -2*o - 2. List the prime factors of r.
3, 107
Let h(k) = k**3 - 43*k**2 - 6*k + 112. Let r be h(42). Let w = r - -3652. What are the prime factors of w?
2, 19, 23
Let p = 90 - 82. Suppose -2*l = 3*j + 309 - 982, 0 = -2*l - p. What are the prime factors of j?
227
Let n be (4 - 2)/(((-49)/(-28))/7). Let h(y) = 139*y - 80. List the prime factors of h(n).
2, 3, 43
Let i(d) = -106*d**2 + 2*d - 4. Let v(m) = m**2 - 1. Let j(n) = -i(n) + 6*v(n). What are the prime factors of j(-1)?
2, 7
Let b(o) = -4*o + 39 - 68 + 24 + 4*o**2 - 2*o**2 - 22*o**3 - 56*o**3. What are the prime factors of b(-1)?
79
Let b(m) = -m**3 - 5*m**2 - m - 6. Let q be b(-5). What are the prime factors of ((135 - -7) + -7)/((-1)/q)?
3, 5
Let z = -76 - 10. Let r = -68 - z. Suppose 2*m = -0*m + r. List the prime factors of m.
3
What are the prime factors of -7 - 25/5*(-5812)/5?
3, 5, 43
Let r(p) = p**2 - 8*p + 4. Let m be r(8). Suppose -4*f + 22 = -3*y, 4*f - m = 5*f + 4*y. Suppose -h - f*h + 65 = 0. List the prime factors of h.
13
Let p(c) be the first derivative of c**3/3 + 6*c**2 - 9*c + 52. What are the prime factors of p(4)?
5, 11
Suppose 5*q - 345 = -40. Let r = -58 + q. Suppose -v + 61 = -z + 5*z, -r*v + z = -235. List the prime factors of v.
7, 11
What are the prime factors of 6*44/(-11) + 72840?
2, 3, 37, 41
Let s be 1029 + 28 + (-5)/1. Suppose -3*f + 5*k + s = 0, 2*f + 5*k = -f + 1102. Let y = f + -161. What are the prime factors of y?
2, 3, 11
Suppose -123*v + 579714 + 2156421 = 0. What are the prime factors of v?
3, 5, 1483
Let u(f) = -43*f**3 - 4*f**2 + 33*f + 131. What are the prime factors of u(-6)?
29, 313
Let s(v) = 4*v**3 - v - 4. Let j be s(3). Let c = 221 - j. Suppose -3*k + c = -0*k. List the prime factors of k.
2, 5
Suppose 3*v = 3*l - 3 - 0, l + v + 5 = 0. Let w be 8 - (-4 + 4)/(l/(-2)). Suppose 813 = -w*s + 2741. List the prime factors of s.
241
Suppose -30 = 6*z + 2580. Let h = z + 754. What are the prime factors of h?
11, 29
Let i be (6/4)/(((-42)/(-14040))/(-7)). List the prime factors of i/(-8) - ((-66)/8 - -8).
439
Let i(r) = 31*r + 103. Let x be i(14). Suppose 2*b - d = -44 + 390, -3*b - 3*d + x = 0. What are the prime factors of b?
5, 7
Let a = 1317 + -574. Suppose y - 20*c = -15*c + a, 3*y = 5*c + 2229. List the prime factors of y.
743
Let d = 43 + -37. Let z be d/8 - 24462/72. Let h = -167 - z. What are the prime factors of h?
2, 43
Suppose r + 22 = 4*o, -11*o + 7*o + 16 = 2*r. Suppose 3*c - 955 = o*p - 4534, p = 5*c + 707. What are the prime factors of p?
3, 239
Suppose -21*g + 112 = 7*g. Suppose 20*s = -g*s + 17856. What are the prime factors of s?
2, 3, 31
Suppose -m = w - 733, -5*m + 332 = w - 405. Let v = w - 62. List the prime factors of v.
2, 5, 67
Let d(l) = l**3 - l**2 + 2*l - 3. Let i be d(2). Suppose -2*u - 6 = x + 7, -2*u = i*x + 25. Let k(h) = -64*h - 12. List the prime factors of k(x).
2, 3, 5
Let u = 70203 - 47984. List the prime factors of u.
17, 1307
Let v be 141 - (2 + 1 - 4). Let y = v + -53. List the prime factors of y.
89
Let i be 3 - (-203 + (3 - 4)). Let a = i + 13. Suppose -13*f + 11*f + a = 0. List the prime factors of f.
2, 5, 11
Suppose 10*n = 2*j + 6*n - 10, 5*j - 7 = n. Let a(o) = 302*o + 28. What are the prime factors of a(j)?
2, 3, 5, 11
Suppose -3*t - 9 = -2*z - 0*t, -2*z - 2*t - 6 = 0. Suppose z = -4*d - 0*d + 2376. Suppose -150 = 4*h - d. List the prime factors of h.
3, 37
Let c(n) = 306*n**3 - 4*n**2 + 4*n - 3. Let h be c(2). Suppose -1873 = -5*d + h. List the prime factors of d.
2, 431
Suppose 2*v = 2*k - 8, 5*k - 2*v = 7*k - 24. Suppose 0 = 4*x - 16 + k. List the prime factors of x/8 - 2229/(-12).
2, 3, 31
Suppose -112*u - 273471 = -145*u. List the prime factors of u.
8287
Let x(w) = 54*w**2 + 8*w - 7. Let p be x(2). What are the prime factors of (3 - -1) + p + -3?
2, 113
Let l(m) = 7669*m - 2130. List the prime factors of l(4).
2, 7, 2039
Let k(p) = -p**3 - 47*p**2 + 42*p + 62. What are the prime factors of k(-51)?
2, 2081
Let x(j) = 28*j**3 - j**2 + 3*j + 2. Let h be x(2). What are the prime factors of ((-12)/10)/(h/(-89680))?
2, 59
List the prime factors of ((150/(-275))/((-12)/33))/(18/88224).
2, 919
Suppose 4*f - 2 = 18. Let m be -1 + 1 + 2 + (f - 5). Suppose m*a + 31 = 317. List the prime factors of a.
11, 13
Let r(k) be the second derivative of 35*k**4/4 - 5*k**3/6 + 2*k**2 + 17*k + 5. List the prime factors of r(1).
2, 13
Suppose 10*u - 12*u - 30 = 0. Let g be ((-1)/3)/(5/u). What are the prime factors of (-100)/5*-2 - (g + 2)?
37
Suppose 2 = 12*v - 13*v. Let s(n) = -512*n - 40. List the prime factors of s(v).
2, 3, 41
Suppose 7001174 = 302*a - 1915678. List the prime factors of a.
2, 3, 7, 19, 37
Let d(g) = 25*g**2 - 29*g - 336. List the prime factors of d(-16).
2, 3, 17
Suppose 41*x + 2*x = 26*x + 101796. List the prime factors of x.
2, 3, 499
Let g be -6 - ((-176)/18 - 6/27). Suppose 5*u = 23 + 12. Suppose -5*o = -g*y - 365, 3*o + 3*y - 211 = u*y. List the prime factors of o.
7, 11
Suppose 